 x be c(-7). Calculate the greatest common factor of x and 6.
2
Suppose -3*f + 2*q - 76 = 0, 6 = 2*q - 4. Let z = -13 - f. Let k(w) = w**2 - 9*w + 10. Let v be k(z). Calculate the highest common factor of 10 and v.
10
Suppose -5*h - j - 3*j = -314, 3*j = 3. What is the highest common factor of h and 155?
31
Suppose 2*p = a + p + 117, -3*a = 5*p + 343. Let q be a/(-6) + (-2)/(-3). Let w = -10 + 15. What is the highest common divisor of q and w?
5
Let b be -1 + (-128)/(1 + -3). Suppose 0 = -3*v - 3*j + b, v - 6*j + 2*j - 6 = 0. Calculate the highest common divisor of 90 and v.
18
Let m(s) = -2*s + 38. Let p be m(12). Let k(l) = 41*l + 1. Let r be k(1). Calculate the greatest common divisor of r and p.
14
Let t(c) = -2*c - 7. Let n be t(-6). Let k(d) = n*d + 5 - 4*d + 0*d. Let l be k(4). Calculate the highest common divisor of 99 and l.
9
Suppose -4*x - 14 - 82 = 0. Let n = x - -54. What is the highest common factor of 75 and n?
15
Let p = 13 - 1. Let g = p - 8. Suppose g*f - 10 = 26. What is the greatest common divisor of 9 and f?
9
Let g(m) = 12*m + 5. Let f(l) = -49*l - 21. Let v(n) = -5*f(n) - 21*g(n). Let r be v(-3). Calculate the highest common factor of r and 42.
21
Let z = 85 + -61. Calculate the greatest common divisor of 6 and z.
6
Let t(x) = x**2 - 10. Let d be t(-6). What is the greatest common factor of d and 26?
26
Suppose 24 - 84 = -5*o + 3*j, -5*j = -3*o + 36. What is the highest common divisor of 3 and o?
3
Suppose -406 = 5*k + 2*n - 1614, 5 = -5*n. Calculate the highest common divisor of 22 and k.
22
Let m be 2/(-5*(-3)/345). Calculate the highest common divisor of m and 115.
23
Let d(j) = -j**2 + 7*j - 3. Let y be d(6). Let o be -2 - (-3)/(y/101). Calculate the greatest common divisor of 9 and o.
9
Suppose 1 + 1 = f. Let t = f + 23. Suppose -t = -2*d - 3*s + 38, d = -5*s + 28. Calculate the highest common divisor of 11 and d.
11
Let q be (-10)/35 - (-447)/21. What is the greatest common divisor of q and 42?
21
Let p(j) = j**3 + 11*j**2 - 15*j - 9. Let d be p(-12). Let o be 6/d + (-20)/9. Let l = 10 - o. What is the greatest common divisor of 108 and l?
12
Let s be (-1 - -1) + (-5)/((-10)/8). Calculate the greatest common divisor of 52 and s.
4
Let z = 17 - 7. What is the greatest common factor of z and 90?
10
Suppose -5*s + 2 = -4*s. What is the highest common factor of 2 and s?
2
Let k(a) = -a**2 + 18*a - 7. Let j be k(7). What is the greatest common divisor of j and 10?
10
Suppose x + 125 - 46 = 0. Let g = -41 - x. Let b be (76/2)/2*1. What is the greatest common factor of g and b?
19
Suppose 0 = -2*u + 74 + 102. Suppose k = -0*k + 8. Let p = k - -3. Calculate the greatest common factor of u and p.
11
Let w be -6 + 7 - (-35 + 2). What is the highest common divisor of w and 17?
17
Let j be (-108)/1 + 5 + -5. Let z = -59 - j. Let l = -34 + z. Calculate the greatest common factor of l and 3.
3
Suppose -457 = -5*g - v, -5*g = -2*v - 529 + 78. What is the greatest common divisor of g and 13?
13
Suppose 4*g + 141 = j - 23, 4 = -4*g. What is the highest common factor of 10 and j?
10
Let x be (95/4)/((-1)/(-8)). Suppose 2*v - x = -2*v + 5*o, -4*o - 143 = -3*v. What is the greatest common divisor of 9 and v?
9
Suppose 3*h + 68 = -214. Let j = 148 + h. Suppose 6*n = n + 30. What is the highest common factor of j and n?
6
Let z be (1*-1)/(2/18). Let c be 30/z*(-18)/5. Let j be (c/(-5))/(2/(-45)). What is the greatest common factor of 9 and j?
9
Let d(z) = 34*z**2 + 2*z + 1. Let b be d(-1). Suppose 0 = 5*v - b - 22. Suppose 0 = 3*f - 2*f - v. What is the greatest common divisor of f and 22?
11
Suppose a = 123 - 38. Suppose 5*r - 4*i = -6*i + a, 85 = 5*r - 4*i. What is the highest common divisor of 68 and r?
17
Let b = 94 - 6. What is the highest common factor of 8 and b?
8
Let m be (3 + -1)/(-1) + 4. Let a be (-42)/(-4) + 1/m. Calculate the greatest common divisor of a and 44.
11
Suppose -31 = -h + 89. Calculate the highest common factor of h and 15.
15
Suppose -4 - 4 = -2*r, 3*g - 125 = -2*r. What is the greatest common divisor of 65 and g?
13
Let a(w) = -w - 7. Let b be a(-5). Let j be b/(-3) + 75/9. Let l(h) = 17*h**2 + 3*h + 1. Let s be l(-2). Calculate the highest common divisor of j and s.
9
Let l(i) be the third derivative of -i**4/3 - i**3/6 + 7*i**2. Let s be l(-1). Calculate the greatest common divisor of s and 1.
1
Suppose -3*h + 687 = -537. Calculate the greatest common divisor of 51 and h.
51
Let v = 11 - -38. Suppose -z + 35 = 4*z. What is the highest common factor of z and v?
7
Let m(v) = -23*v**3 + 2*v**2 - 2*v - 3. Let r be m(-1). Calculate the highest common factor of 8 and r.
8
Suppose -c + 16 = 2*d + c, -d + c = -2. What is the greatest common divisor of d and 20?
5
Let f be (-119)/(-5) + 4/20. Let r = 113 + -53. What is the greatest common divisor of f and r?
12
Let l(u) = -u**3 - 4*u**2 + 5*u - 4. Let b be l(-5). Let m = 5 + b. What is the highest common factor of m and 7?
1
Suppose -o = 6*k - 2*k - 4, 0 = -2*o - 2*k + 8. Let b = 1 + -1. Suppose 0 = 2*z - b - 4. Calculate the highest common factor of z and o.
2
Let h be -2*1/2 - 1. Let s be h/10 + (-21)/(-5). Suppose -3*y - 4*a + 152 = 0, 3*y + a - 82 = 55. Calculate the greatest common factor of y and s.
4
Suppose -25 = -g + 6*p - p, -2*p + 18 = g. What is the highest common factor of 160 and g?
20
Let b = 56 + -44. Let x(t) = -t**3 + 5*t**2 + 6*t - 2. Let g be x(6). Let s = g + b. Calculate the highest common factor of 90 and s.
10
Let x be ((-3)/9)/((-2)/24). Suppose 11 = k - 3*v, -x*k = -0*k + 2*v - 2. Suppose -3*r + 5 = -k*r. What is the highest common factor of r and 40?
5
Let x = -6 - 18. Let s be (6/(-18))/(1/x). Calculate the greatest common factor of 8 and s.
8
Let c(i) = 5*i + 5. Let x be c(7). Suppose -r + 2 + 1 = 0. Suppose 0 = -5*t - 15, -4*t + 2*t = r*v - 18. What is the highest common factor of x and v?
8
Let k be (9 - -1)*3/6. Calculate the greatest common factor of 5 and k.
5
Suppose -s - 9 = -4*s. Suppose 0 = 2*c - s*c. Suppose c*j - 4*j = -24. Calculate the greatest common divisor of 15 and j.
3
Let q be (2/(-1))/(2/(-4)). Suppose -66*v + 76 = -47*v. What is the highest common factor of q and v?
4
Suppose 0 = -5*c + 15 + 90. Let h be (0 + 1 + -5)/(-2). Let l be 47/7 - h/(-7). Calculate the greatest common factor of l and c.
7
Let l = 178 + -70. What is the highest common divisor of 72 and l?
36
Let l be 41/2 - 2/(-4). Suppose 2*k + l + 11 = 2*b, 4 = -4*k. Let h = b + -11. What is the highest common divisor of 4 and h?
4
Let w = 2 - -2. Suppose 127 = -3*z - 35. Let n = -38 - z. What is the greatest common divisor of n and w?
4
Let q be 4 + 1*0/2. Let w = q - 3. What is the highest common divisor of w and 5?
1
Suppose -5*j + a = -66, -5*j = a + 4*a - 90. Suppose -4*n + 9 = -3. Let o be (n + 20/(-8))*42. Calculate the highest common factor of o and j.
7
Let w(k) = -k**2 + 17*k - 5. Let m be w(16). Let a(s) = -33*s**3. Let v be a(-1). Calculate the highest common divisor of m and v.
11
Suppose a - 250 = -2*p, -a + 4*a = 4*p - 490. Let k(l) = -11*l - 35. Let t be k(-6). Calculate the greatest common divisor of p and t.
31
Let p be 27 + 1 - (-4 - -2). Suppose o + 16 = 3*y - 9, 0 = -3*o - 2*y - 31. Let d = o + 19. Calculate the highest common factor of p and d.
6
Let a = 40 + -37. Let m be -1 + (1 - 2) - -17. Calculate the highest common factor of m and a.
3
Let b be (4/4 - -2) + 3. What is the highest common divisor of 6 and b?
6
Let a = 4 + 3. Calculate the greatest common divisor of 28 and a.
7
Let j be ((-12)/5 + 2)*-20. Suppose 2*q - 4*u = -u - 6, 0 = 4*q + 5*u - 10. Suppose -m = -j - q. What is the greatest common factor of 8 and m?
8
Let i(z) = z**2 - z - 3. Let h be i(3). Let g = -224 - -227. What is the highest common divisor of g and h?
3
Let d be (-4)/14 - (-32)/14. Let p = 432 - 54. Suppose -5*k = -d*k - p. What is the highest common factor of 14 and k?
14
Suppose r + 3*k + 2 = 0, 0 = r - 3*r - k + 6. Calculate the greatest common divisor of 8 and r.
4
Suppose -5*n - 4*x = -91 - 24, 0 = -3*n + 5*x + 106. Calculate the highest common factor of 27 and n.
27
Suppose -2*y = -4*v - 10, -5*y + 10 = 2*v - 3. Let s = 6 + v. What is the greatest common factor of 40 and s?
5
Let b = 1 - -3. Suppose -b*f + 3*a = -9, -2*a + 1 + 10 = 3*f. Let p be (